lculate the highest common divisor of 74368 and 512.
128
What is the greatest common divisor of 183288 and 4200?
168
Calculate the highest common factor of 454592 and 448.
64
What is the highest common divisor of 770 and 7605290?
770
Calculate the highest common factor of 164580 and 468.
156
Calculate the highest common factor of 167220 and 6660.
180
Calculate the highest common factor of 1197 and 9747.
171
What is the highest common factor of 248 and 73016?
8
What is the greatest common factor of 33 and 208263?
33
What is the highest common factor of 1253 and 2723?
7
What is the greatest common divisor of 26049 and 17499?
57
Calculate the highest common divisor of 8125 and 507.
13
What is the greatest common divisor of 4243177 and 335?
67
What is the greatest common divisor of 43 and 141212?
43
What is the greatest common factor of 27 and 141?
3
Calculate the highest common divisor of 2408 and 53277.
301
What is the highest common divisor of 2 and 924526?
2
What is the greatest common divisor of 179246 and 874?
38
What is the greatest common factor of 476 and 76092?
68
What is the highest common divisor of 1525 and 6065?
5
Calculate the greatest common factor of 37 and 510341.
37
Calculate the greatest common divisor of 486948 and 3570.
714
Calculate the greatest common divisor of 7585 and 95.
5
Calculate the greatest common divisor of 1422 and 558.
18
What is the greatest common divisor of 2790034 and 234?
26
Calculate the highest common factor of 125919 and 272.
17
What is the highest common divisor of 1647 and 249?
3
What is the greatest common divisor of 27508 and 16848?
52
What is the highest common divisor of 10830 and 4350?
30
Calculate the highest common factor of 198 and 160182.
198
What is the highest common divisor of 73913 and 7?
7
What is the greatest common divisor of 70947 and 3?
3
Calculate the highest common factor of 118410 and 30.
30
What is the greatest common factor of 200 and 14660?
20
What is the greatest common divisor of 3890 and 310?
10
Calculate the greatest common divisor of 12376 and 153.
17
Calculate the highest common divisor of 145648 and 16.
16
What is the highest common factor of 866 and 6294521?
433
Calculate the highest common divisor of 45 and 7145.
5
Calculate the highest common factor of 594 and 8586.
54
Calculate the highest common factor of 129765 and 37558.
211
Calculate the greatest common factor of 45 and 44433.
9
What is the highest common divisor of 552 and 31272?
24
Calculate the greatest common divisor of 143539 and 275.
11
What is the greatest common factor of 11856 and 76?
76
What is the highest common divisor of 351 and 2392?
13
What is the greatest common factor of 83608 and 280?
56
What is the highest common factor of 24 and 130212?
12
What is the greatest common divisor of 384 and 29824?
128
Calculate the highest common factor of 43215 and 30.
15
What is the greatest common divisor of 1598 and 612?
34
What is the greatest common factor of 2871 and 7920?
99
What is the greatest common divisor of 78 and 2002?
26
Calculate the highest common factor of 115 and 16595.
5
What is the greatest common divisor of 25647 and 7968?
249
What is the highest common factor of 32133 and 9?
3
Calculate the highest common divisor of 1760 and 6380.
220
Calculate the highest common factor of 525 and 20055.
105
Calculate the highest common factor of 81214 and 14.
14
What is the greatest common factor of 106 and 338?
2
Calculate the greatest common factor of 498 and 1859034.
498
Calculate the highest common divisor of 581 and 314653.
83
What is the highest common factor of 186 and 2893974?
186
What is the highest common divisor of 63 and 14028?
21
Calculate the highest common divisor of 2057 and 5423.
187
What is the greatest common divisor of 5499 and 31590?
117
What is the greatest common divisor of 7695 and 380?
95
What is the highest common factor of 1939 and 5747?
7
Calculate the highest common factor of 3629 and 1691.
19
Calculate the highest common factor of 28769 and 91.
13
Calculate the greatest common factor of 261 and 490158.
261
What is the greatest common factor of 1716 and 816?
12
Calculate the highest common factor of 120 and 247020.
60
Calculate the greatest common factor of 2496 and 598.
26
Calculate the highest common divisor of 21984 and 256.
32
What is the greatest common divisor of 349176 and 192?
24
What is the greatest common factor of 224835 and 15?
15
Calculate the greatest common divisor of 264638 and 18828.
1046
What is the highest common factor of 618948 and 495?
99
Calculate the greatest common factor of 8655 and 30.
15
What is the greatest common factor of 352 and 774796?
44
Calculate the highest common divisor of 203 and 17893.
29
Calculate the greatest common divisor of 15677 and 793.
61
Calculate the highest common factor of 143836 and 308.
308
What is the greatest common divisor of 420 and 5079620?
140
What is the highest common factor of 14090669 and 181?
181
Calculate the greatest common factor of 332 and 6268.
4
What is the highest common divisor of 2274 and 1626668?
758
What is the highest common factor of 165678 and 3498?
318
What is the greatest common factor of 3144 and 57?
3
Calculate the highest common divisor of 235920 and 27120.
240
What is the greatest common factor of 4968 and 82064?
184
What is the greatest common factor of 1925 and 4739?
7
What is the greatest common divisor of 78544 and 88?
8
Calculate the highest common divisor of 853944 and 182.
182
Calculate the highest common factor of 8657 and 891.
11
Calculate the greatest common divisor of 36 and 184185.
9
What is the highest common factor of 842744 and 14?
14
What is the greatest common divisor of 174 and 64641?
87
What is the greatest common divisor of 15182 and 10?
2
What is the greatest common divisor of 18542 and 9652?
254
What is the highest common factor of 1068 and 192?
12
What is the highest common factor of 1427130 and 2424?
606
What is the greatest common factor of 99 and 16071?
33
Calculate the greatest common factor of 35412 and 4524.
156
What is the highest common factor of 24500 and 448?
28
What is the highest common divisor of 35487 and 909?
9
What is the greatest common divisor of 8742 and 11562?
282
Calculate the greatest common divisor of 591 and 37627.
197
Calculate the greatest common divisor of 230 and 3970.
10
What is the greatest common divisor of 687951 and 18?
9
What is the greatest common divisor of 1360 and 4369?
17
What is the highest common divisor of 29332060 and 10?
10
What is the highest common factor of 7827 and 1?
1
Calculate the greatest common factor of 16404 and 60.
12
What is the highest common factor of 1645587 and 3015?
603
What is the highest common divisor of 5744483 and 281?
281
What is the highest common factor of 10962 and 22302?
378
What is the greatest common divisor of 200 and 53080?
40
Calculate the greatest common factor of 820 and 3165.
5
What is the highest common factor of 22597 and 7277?
383
What is the highest common divisor of 99421 and 49?
49
What is the highest common factor of 672 and 483?
21
What is the greatest common factor of 2535 and 123825?
195
Calculate the greatest common divisor of 1215 and 28395.
45
Calculate the greatest common factor of 2127 and 2097931.
709
Calculate the highest common divisor of 21970 and 3510.
130
What is the highest common factor of 12456 and 438555?
519
What is the greatest common factor of 805 and 75187?
161
Calculate the greatest common factor of 45314 and 2771.
163
Calculate the highest common divisor of 702 and 84591.
351
Calculate the highest common factor of 782 and 2686.
34
Calculate the greatest common factor of 889 and 56.
7
What is the highest common factor of 727447 and 119?
119
Calculate the greatest common factor of 35 and 120.
5
What is the highest common divisor of 125 and 36200?
25
Calculate the highest common divisor of 948 and 133668.
948
What is the greatest common factor of 1988 and 47144?
284
Calculate the greatest common factor of 11362 and 182.
26
What is the highest common factor of 3540 and 35580?
60
What is the highest common divisor of 11 and 25751?
11
What is the highest common factor of 906912 and 18?
18
Calculate the greatest common divisor of 71838 and 1638.
234
What is the great